{"id":72,"date":"2019-03-17T17:19:40","date_gmt":"2019-03-17T17:19:40","guid":{"rendered":"https:\/\/goya.everthemes.com\/demo-fashion\/?page_id=72"},"modified":"2023-04-19T14:50:10","modified_gmt":"2023-04-19T17:50:10","slug":"terms-conditions","status":"publish","type":"page","link":"https:\/\/shop.lm.mentorama.com.br\/?page_id=72","title":{"rendered":"Termos e Condi\u00e7\u00f5es"},"content":{"rendered":"\n<p>Este documento, permanentemente dispon\u00edvel na Internet no endere\u00e7o:&nbsp;<a href=\"https:\/\/shop.lm.mentorama.com.br\/?page_id=72\">https:\/\/shop.lm.mentorama.com.br\/?page_id=72<\/a>, \u00e9 uma oferta p\u00fablica conforme regramentos estabelecidos pela legisla\u00e7\u00e3o brasileira para celebrar o Contrato de Servi\u00e7o de Acesso Remoto (doravante &#8211; o Contrato) com qualquer pessoa f\u00edsica interessada (doravante &#8211; o Cliente). A aceita\u00e7\u00e3o adequada desta oferta ser\u00e1 realizada pelo Cliente mediante o conjunto das seguintes a\u00e7\u00f5es:<\/p>\n\n\n\n<ul>\n<li>clicar na mensagem &#8220;Eu li e aceito os termos da oferta&#8221; no momento do registro na plataforma;<\/li>\n\n\n\n<li>clicar na mensagem &#8220;Aceito os termos da Pol\u00edtica de Privacidade&#8221; no momento do registro na plataforma;<\/li>\n\n\n\n<li>clicar na mensagem &#8220;Aceito os termos da Pol\u00edtica de Cookies&#8221; no momento do registro na plataforma;<\/li>\n\n\n\n<li>pagamento do contrato.<\/li>\n<\/ul>\n\n\n\n<p>Ao pagar o pre\u00e7o dos servi\u00e7os do Provedor, o Cliente:<\/p>\n\n\n\n<ul>\n<li>garante que as informa\u00e7\u00f5es fornecidas a seu respeito est\u00e3o corretas e atualizadas;<\/li>\n\n\n\n<li>garante que \u00e9 uma pessoa adulta e plenamente capaz;<\/li>\n\n\n\n<li>concorda que \u00e9 o \u00fanico respons\u00e1vel por quaisquer consequ\u00eancias decorrentes do fornecimento de informa\u00e7\u00f5es falsas, desatualizadas ou incompletas a seu respeito.<\/li>\n<\/ul>\n\n\n\n<p>A data de aceita\u00e7\u00e3o da oferta pelo Cliente (a data de conclus\u00e3o do Contrato) ser\u00e1 a \u00faltima das datas das a\u00e7\u00f5es especificadas acima.<\/p>\n","protected":false},"excerpt":{"rendered":"<p>Este documento, permanentemente dispon\u00edvel na Internet no endere\u00e7o:&nbsp;https:\/\/shop.lm.mentorama.com.br\/?page_id=72, \u00e9 uma oferta p\u00fablica conforme regramentos estabelecidos pela legisla\u00e7\u00e3o brasileira para celebrar o Contrato de Servi\u00e7o de Acesso Remoto (doravante &#8211; o Contrato) com qualquer pessoa f\u00edsica interessada (doravante &#8211; o Cliente). A aceita\u00e7\u00e3o adequada desta oferta ser\u00e1 realizada pelo Cliente mediante&hellip;<\/p>\n","protected":false},"author":1,"featured_media":0,"parent":0,"menu_order":0,"comment_status":"closed","ping_status":"closed","template":"","meta":{"footnotes":""},"_links":{"self":[{"href":"https:\/\/shop.lm.mentorama.com.br\/index.php?rest_route=\/wp\/v2\/pages\/72"}],"collection":[{"href":"https:\/\/shop.lm.mentorama.com.br\/index.php?rest_route=\/wp\/v2\/pages"}],"about":[{"href":"https:\/\/shop.lm.mentorama.com.br\/index.php?rest_route=\/wp\/v2\/types\/page"}],"author":[{"embeddable":true,"href":"https:\/\/shop.lm.mentorama.com.br\/index.php?rest_route=\/wp\/v2\/users\/1"}],"replies":[{"embeddable":true,"href":"https:\/\/shop.lm.mentorama.com.br\/index.php?rest_route=%2Fwp%2Fv2%2Fcomments&post=72"}],"version-history":[{"count":2,"href":"https:\/\/shop.lm.mentorama.com.br\/index.php?rest_route=\/wp\/v2\/pages\/72\/revisions"}],"predecessor-version":[{"id":4090,"href":"https:\/\/shop.lm.mentorama.com.br\/index.php?rest_route=\/wp\/v2\/pages\/72\/revisions\/4090"}],"wp:attachment":[{"href":"https:\/\/shop.lm.mentorama.com.br\/index.php?rest_route=%2Fwp%2Fv2%2Fmedia&parent=72"}],"curies":[{"name":"wp","href":"https:\/\/api.w.org\/{rel}","templated":true}]}}