{"id":3645,"date":"2020-01-21T18:17:31","date_gmt":"2020-01-21T18:17:31","guid":{"rendered":"https:\/\/goya.everthemes.com\/demo-fashion\/?post_type=product&#038;p=3645"},"modified":"2025-02-18T10:24:42","modified_gmt":"2025-02-18T13:24:42","slug":"oversized-blazer","status":"publish","type":"product","link":"https:\/\/shop.lm.mentorama.com.br\/?product=oversized-blazer","title":{"rendered":"Blazer oversized"},"content":{"rendered":"<p>Um outfit masculino nunca pareceu t\u00e3o feminino. Nosso blazer oversized tem um formato largo inspirado na moda masculina com um visual moderno, completo com bot\u00f5es nos punhos e bolsos com aba que adicionam a quantidade perfeita de polimento. Al\u00e9m disso, \u00e9 feito de l\u00e3 italiana 100% reciclada, tecida em dupla face, o que lhe confere caimento e conforto tang\u00edveis.<\/p>\n","protected":false},"excerpt":{"rendered":"<p>Uma forma larga inspirada na moda masculina com um visual moderno.<\/p>\n","protected":false},"featured_media":3650,"comment_status":"open","ping_status":"closed","template":"","meta":[],"product_cat":[57],"product_tag":[],"_links":{"self":[{"href":"https:\/\/shop.lm.mentorama.com.br\/index.php?rest_route=\/wp\/v2\/product\/3645"}],"collection":[{"href":"https:\/\/shop.lm.mentorama.com.br\/index.php?rest_route=\/wp\/v2\/product"}],"about":[{"href":"https:\/\/shop.lm.mentorama.com.br\/index.php?rest_route=\/wp\/v2\/types\/product"}],"replies":[{"embeddable":true,"href":"https:\/\/shop.lm.mentorama.com.br\/index.php?rest_route=%2Fwp%2Fv2%2Fcomments&post=3645"}],"wp:featuredmedia":[{"embeddable":true,"href":"https:\/\/shop.lm.mentorama.com.br\/index.php?rest_route=\/wp\/v2\/media\/3650"}],"wp:attachment":[{"href":"https:\/\/shop.lm.mentorama.com.br\/index.php?rest_route=%2Fwp%2Fv2%2Fmedia&parent=3645"}],"wp:term":[{"taxonomy":"product_cat","embeddable":true,"href":"https:\/\/shop.lm.mentorama.com.br\/index.php?rest_route=%2Fwp%2Fv2%2Fproduct_cat&post=3645"},{"taxonomy":"product_tag","embeddable":true,"href":"https:\/\/shop.lm.mentorama.com.br\/index.php?rest_route=%2Fwp%2Fv2%2Fproduct_tag&post=3645"}],"curies":[{"name":"wp","href":"https:\/\/api.w.org\/{rel}","templated":true}]}}