{"id":3690,"date":"2020-01-21T19:13:21","date_gmt":"2020-01-21T19:13:21","guid":{"rendered":"https:\/\/goya.everthemes.com\/demo-fashion\/?post_type=product&#038;p=3690"},"modified":"2024-03-11T17:49:27","modified_gmt":"2024-03-11T20:49:27","slug":"cotton-patch-pocket-short","status":"publish","type":"product","link":"https:\/\/shop.lm.mentorama.com.br\/?product=cotton-patch-pocket-short","title":{"rendered":"Short de algod\u00e3o com bolso patch"},"content":{"rendered":"<p>Uma reminisc\u00eancia do ver\u00e3o. Inspirado nos shorts com bolsos dos anos 70, este produto apresenta cintura alta, dois bolsos frontais e passadores de cinto para maior versatilidade. Feito com a sarja de algod\u00e3o, tem um caimento ligeiramente mais solto nos quadris e na coxa \u2013 porque shorts devem ser confort\u00e1veis.<\/p>\n","protected":false},"excerpt":{"rendered":"<p>Uma reminisc\u00eancia do ver\u00e3o inspirada nos shorts com bolsos dos anos 70.<\/p>\n","protected":false},"featured_media":3694,"comment_status":"open","ping_status":"closed","template":"","meta":[],"product_cat":[57],"product_tag":[],"_links":{"self":[{"href":"https:\/\/shop.lm.mentorama.com.br\/index.php?rest_route=\/wp\/v2\/product\/3690"}],"collection":[{"href":"https:\/\/shop.lm.mentorama.com.br\/index.php?rest_route=\/wp\/v2\/product"}],"about":[{"href":"https:\/\/shop.lm.mentorama.com.br\/index.php?rest_route=\/wp\/v2\/types\/product"}],"replies":[{"embeddable":true,"href":"https:\/\/shop.lm.mentorama.com.br\/index.php?rest_route=%2Fwp%2Fv2%2Fcomments&post=3690"}],"wp:featuredmedia":[{"embeddable":true,"href":"https:\/\/shop.lm.mentorama.com.br\/index.php?rest_route=\/wp\/v2\/media\/3694"}],"wp:attachment":[{"href":"https:\/\/shop.lm.mentorama.com.br\/index.php?rest_route=%2Fwp%2Fv2%2Fmedia&parent=3690"}],"wp:term":[{"taxonomy":"product_cat","embeddable":true,"href":"https:\/\/shop.lm.mentorama.com.br\/index.php?rest_route=%2Fwp%2Fv2%2Fproduct_cat&post=3690"},{"taxonomy":"product_tag","embeddable":true,"href":"https:\/\/shop.lm.mentorama.com.br\/index.php?rest_route=%2Fwp%2Fv2%2Fproduct_tag&post=3690"}],"curies":[{"name":"wp","href":"https:\/\/api.w.org\/{rel}","templated":true}]}}