{"id":3709,"date":"2020-01-22T03:13:25","date_gmt":"2020-01-22T03:13:25","guid":{"rendered":"https:\/\/goya.everthemes.com\/demo-fashion\/?post_type=product&#038;p=3709"},"modified":"2023-05-09T05:26:22","modified_gmt":"2023-05-09T08:26:22","slug":"light-day-loafer","status":"publish","type":"product","link":"https:\/\/shop.lm.mentorama.com.br\/?product=light-day-loafer","title":{"rendered":"Mocassim Light Day"},"content":{"rendered":"<p>A eleg\u00e2ncia de um mocassim com a simplicidade de um slip-on. Feito de couro italiano macio como manteiga, este mocassim apresenta estilo cl\u00e1ssico, al\u00e9m de palmilha acolchoada e traseira el\u00e1stica para maior conforto 24 horas por dia, 7 dias por semana, n\u00e3o importa o que esteja na sua programa\u00e7\u00e3o.<\/p>\n<ul>\n<li>Corte italiano com ajuste fit.<\/li>\n<li>Pe\u00e7a um tamanho maior se o seu p\u00e9 for largo.<\/li>\n<li>100% couro italiano.<\/li>\n<li>Trate com cuidado. Limpe com pano.<\/li>\n<\/ul>\n","protected":false},"excerpt":{"rendered":"<p>Palmilha acolchoada e traseira el\u00e1stica para maior conforto.<\/p>\n","protected":false},"featured_media":3712,"comment_status":"open","ping_status":"closed","template":"","meta":[],"product_cat":[57],"product_tag":[],"_links":{"self":[{"href":"https:\/\/shop.lm.mentorama.com.br\/index.php?rest_route=\/wp\/v2\/product\/3709"}],"collection":[{"href":"https:\/\/shop.lm.mentorama.com.br\/index.php?rest_route=\/wp\/v2\/product"}],"about":[{"href":"https:\/\/shop.lm.mentorama.com.br\/index.php?rest_route=\/wp\/v2\/types\/product"}],"replies":[{"embeddable":true,"href":"https:\/\/shop.lm.mentorama.com.br\/index.php?rest_route=%2Fwp%2Fv2%2Fcomments&post=3709"}],"wp:featuredmedia":[{"embeddable":true,"href":"https:\/\/shop.lm.mentorama.com.br\/index.php?rest_route=\/wp\/v2\/media\/3712"}],"wp:attachment":[{"href":"https:\/\/shop.lm.mentorama.com.br\/index.php?rest_route=%2Fwp%2Fv2%2Fmedia&parent=3709"}],"wp:term":[{"taxonomy":"product_cat","embeddable":true,"href":"https:\/\/shop.lm.mentorama.com.br\/index.php?rest_route=%2Fwp%2Fv2%2Fproduct_cat&post=3709"},{"taxonomy":"product_tag","embeddable":true,"href":"https:\/\/shop.lm.mentorama.com.br\/index.php?rest_route=%2Fwp%2Fv2%2Fproduct_tag&post=3709"}],"curies":[{"name":"wp","href":"https:\/\/api.w.org\/{rel}","templated":true}]}}