{"id":3749,"date":"2020-01-22T04:03:34","date_gmt":"2020-01-22T04:03:34","guid":{"rendered":"https:\/\/goya.everthemes.com\/demo-fashion\/?post_type=product&#038;p=3749"},"modified":"2024-03-12T12:57:02","modified_gmt":"2024-03-12T15:57:02","slug":"renew-traveler-tote","status":"publish","type":"product","link":"https:\/\/shop.lm.mentorama.com.br\/?product=renew-traveler-tote","title":{"rendered":"Bolsa de viagem ReNew"},"content":{"rendered":"<p>Considere-a sua nova companheira de viagem. Completa: com dois bolsos de z\u00edper, um interior espa\u00e7oso e um fecho superior tamb\u00e9m de z\u00edper, a bolsa de viagem ReNew funciona para um bate-volta de fim de semana e pode facilmente fazer as vezes de mala sem complica\u00e7\u00f5es. E j\u00e1 mencionamos que \u00e9 dur\u00e1vel, f\u00e1cil de limpar e totalmente feita de material reciclado?*<\/p>\n<p>*Os controles deslizantes do z\u00edper e alguns puxadores s\u00e3o de metal. O \u00fanico pl\u00e1stico novo \u00e9 a bobina do z\u00edper (dentes), que ainda n\u00e3o \u00e9 feita de material reciclado.<\/p>\n","protected":false},"excerpt":{"rendered":"<p>Funciona para um bate-volta de fim de semana e pode facilmente fazer as vezes de mala sem complica\u00e7\u00f5es.<\/p>\n","protected":false},"featured_media":3751,"comment_status":"open","ping_status":"closed","template":"","meta":[],"product_cat":[57],"product_tag":[],"_links":{"self":[{"href":"https:\/\/shop.lm.mentorama.com.br\/index.php?rest_route=\/wp\/v2\/product\/3749"}],"collection":[{"href":"https:\/\/shop.lm.mentorama.com.br\/index.php?rest_route=\/wp\/v2\/product"}],"about":[{"href":"https:\/\/shop.lm.mentorama.com.br\/index.php?rest_route=\/wp\/v2\/types\/product"}],"replies":[{"embeddable":true,"href":"https:\/\/shop.lm.mentorama.com.br\/index.php?rest_route=%2Fwp%2Fv2%2Fcomments&post=3749"}],"wp:featuredmedia":[{"embeddable":true,"href":"https:\/\/shop.lm.mentorama.com.br\/index.php?rest_route=\/wp\/v2\/media\/3751"}],"wp:attachment":[{"href":"https:\/\/shop.lm.mentorama.com.br\/index.php?rest_route=%2Fwp%2Fv2%2Fmedia&parent=3749"}],"wp:term":[{"taxonomy":"product_cat","embeddable":true,"href":"https:\/\/shop.lm.mentorama.com.br\/index.php?rest_route=%2Fwp%2Fv2%2Fproduct_cat&post=3749"},{"taxonomy":"product_tag","embeddable":true,"href":"https:\/\/shop.lm.mentorama.com.br\/index.php?rest_route=%2Fwp%2Fv2%2Fproduct_tag&post=3749"}],"curies":[{"name":"wp","href":"https:\/\/api.w.org\/{rel}","templated":true}]}}